 - 6*m(w). Let f(s) = d(s) - y(s). Determine f(1).
1
Suppose -3*z - 2 + 11 = 0, q - 3 = -z. Let h(k) = -6*k + 8. Let i(r) = 14*r - 15. Let j(s) = 5*h(s) + 2*i(s). Give j(q).
10
Suppose 4*p + 11 = -9. Let q(d) be the second derivative of 0 + 1/12*d**4 + 2/3*d**3 - 3*d**2 + 42*d. Calculate q(p).
-1
Let q(a) be the second derivative of 5*a**3/6 - 51*a**2/2 + 107*a - 12. Give q(12).
9
Suppose 2*x - 5*c = -3, 5*x + 4*c = -21 + 96. Suppose 12*t = x*t - 38. Let v = -34 - t. Let q(j) = -j**3 + 5*j**2 + j - 4. Determine q(v).
16
Let c(i) = -5*i + 42748*i**3 - 23 - 42749*i**3 - 7*i - 12*i**2. What is c(-11)?
-12
Let w(g) be the first derivative of 3*g**4/4 - 2*g**3/3 + g - 6. Suppose 0 = -x + 3*q + 11, 5*x - 11 = -24*q + 28*q. What is w(x)?
-4
Let k(j) be the first derivative of -j**2/2 + j + 161. Let t(a) be the first derivative of 5*a**2/2 + a + 4. Let z be t(-1). Calculate k(z).
5
Let r(q) be the first derivative of 23*q**2/2 + q - 6. Suppose 15 = -5*d - 5. Let x be (-8)/d - 3/1. Give r(x).
-22
Let r(n) = n**3 + 7*n**2 + 4*n + 8. Let c(h) = h**3 + 8*h**2 + 5*h + 9. Let u(o) = 3*c(o) - 4*r(o). Give u(-4).
-1
Let f(s) = s**3 - 3*s + 1. Let w(o) = 20*o**2 + o - 62. Let y(j) = 2*f(j) + w(j). Calculate y(-10).
-10
Let l(f) = f**3 + 4*f**2 + f - 3. Let j be l(-4). Suppose 125*a - 416 = 93*a. Let r = j + a. Let n(h) = h**2 - 7*h + 7. Determine n(r).
1
Let f(j) = 739*j + 566. Let l(q) = 157*q + 113. Let d(b) = -3*f(b) + 14*l(b). What is d(-6)?
-2
Let f(o) = -o**3 + 5*o**2 + 5. Let p(w) = -12*w - 5. Let x be p(14). Let y = -96 - x. Let g = 82 - y. What is f(g)?
5
Suppose -2*z - 1 = -z. Let r be (-13)/(-3)*(z - 2). Let p(q) be the second derivative of q**4/12 + 7*q**3/3 + 3*q**2 + 2411*q + 2. Determine p(r).
-7
Let m(v) = 5 + 0 - 4*v - 41597*v**2 + 1 + 41594*v**2. What is m(-3)?
-9
Suppose 0 = -38*u + 39*u - 13. Let d(l) be the third derivative of -l**6/120 + 7*l**5/30 - 13*l**4/24 + 5*l**3/6 - l**2 + 14*l. What is d(u)?
5
Let q(l) = l**2 + 7*l + 2. Let k(a) = 3*a**2 + 5 - 7*a**2 - 14*a + 3*a**2 + 7. Let n be k(-16). Let p be n/(-5) + -10 - 0. Give q(p).
-4
Suppose 31*u + 55 = -7. Suppose -2*a - 23 = 3*b, 2*a = -2*b + 3*b - 43. Let d be -4*u/(-6) - a/3. Let v(n) = 4*n + 4. Determine v(d).
24
Let c(h) be the second derivative of h**4/12 - h**3/3 - 9*h**2/2 + 22*h - 1. What is c(-8)?
71
Let z(l) be the third derivative of -4*l**2 + 1/3*l**4 + 20 + 0*l - 7/6*l**3 + 1/60*l**5. What is z(-8)?
-7
Let m(s) = s**2 - s - 1. Let k(c) = 4*c**2 - 7*c - 13. Let w(u) = -k(u) + 3*m(u). Let o be 9 + 9/(54/(-24)). Calculate w(o).
5
Let s(a) = -a - 5. Let l(z) = z**3 + 8*z**2 - z - 14. Let c(j) = -6*j + 33. Let u be c(5). Suppose 32 = -x - u*x. Let v be l(x). Give s(v).
1
Let z(o) = -o - 2. Suppose -5*b + 0 = 30. Let g be 1/(b/53) - 5/30. Determine z(g).
7
Let h(z) = 7*z + 9. Let c(d) = -2*d + 1. Let o(m) = 4*c(m) + h(m). Suppose 0 = -8*y + 6*y. Suppose -25 = -5*x + 5*l, x + y*x = 3*l + 1. Give o(x).
6
Let j(l) = -29*l + 244. Let x(i) = 7*i - 60. Let w(k) = 6*j(k) + 25*x(k). Determine w(0).
-36
Suppose -5*g = -25, -3*n - 4*g + 5 = -0*g. Let t = -49 - -51. Let c(w) = -12*w**3 + 0*w + 3 + 6*w**2 + 13*w**3 + t*w. What is c(n)?
18
Let o(p) = -58*p + 7254. Let r be o(125). Let m(k) = -10*k**2 + 42*k + 2. Give m(r).
10
Let p(c) = -191*c**3 - 8*c**2 - 12*c + 2. Let i(v) = -106*v**3 - 4*v**2 - 6*v + 2. Let l(k) = 9*i(k) - 5*p(k). Determine l(-4).
-16
Let h = -423 + 432. Let n(f) = -8*f + f + 4*f**3 + 19*f + 14*f**2 - 3*f**3 - h. Determine n(-13).
4
Let l(x) be the first derivative of x**3/3 + 3*x - 1. Let c = 1143 - 1140. Suppose c*u + u = 12. Calculate l(u).
12
Let q(h) = -1. Let p(a) = 7*a + 5. Let m(j) = -p(j) + 6*q(j). Let o be m(-2). Suppose 2*k = o*n - 6, -n + 2*n = k + 4. Let d(w) = w + 8. What is d(k)?
2
Let b(i) = -i**3 + 25*i**2 - 46*i + 5. Let g be b(23). Suppose -g*x + 15 = 5*a, 4*x - 5*a = -a - 4. Let j(u) = -10*u**2 + 2*u - 3. What is j(x)?
-11
Let b(r) = 6*r**2 + 20*r - 124. Let p(t) = -5*t**2 - 19*t + 108. Let v(d) = -6*b(d) - 7*p(d). Determine v(8).
28
Let p be 3/((-6)/4) + 7. Suppose -10 = p*x - 160. Suppose 5*y = 5*k + x, -y = -3*k + 7*k - 11. Let w(d) = -d - 4. Determine w(y).
-11
Let c(r) = r**2 + 7*r + 6. Let q be c(-6). Suppose 3*x + 5*y - 86 = q, y + 85 = 3*x + 5*y. Let g = 32 - x. Let u(s) = s - 9. Determine u(g).
-4
Let a(w) = -8*w + 16. Let f be a(-3). Let k(x) = -x**2 + f + 6*x - 34 + 2*x. What is k(9)?
-3
Let m(s) = -2*s + 7182 + 2*s + 37*s**3 - 3586 - 3597. Suppose -z = -v - 6*z + 24, -7 = 2*v - z. Determine m(v).
-38
Let z = 5 - 2. Let c(f) = -2*f + 1 - z + 2*f**3 + 0 + 2*f**2. Let n be (4/6)/((-13)/(-234)*-6). What is c(n)?
-6
Let y(f) = -f**3 - 23*f**2 + 77*f - 15. Let g(a) = -2*a**3 + 104*a**2 - 80*a - 1148. Let x be g(51). Calculate y(x).
11
Let y(f) = -67*f - 16. Let m(j) = -122*j - 33. Let i(p) = -6*m(p) + 11*y(p). Calculate i(13).
-43
Let h(q) = -q**3 + 5*q**2 + 2*q. Let w(x) = 2*x**2 + 61*x + 90. Let m be w(-29). What is h(m)?
24
Let a(o) = 58*o + 38 + 8 + 139 + 55. What is a(-4)?
8
Let p(d) = -d**3 - 125*d**2 + 3*d + 377. Let b be p(-125). Let y(t) = -18*t**3 + t**2 - 4. Calculate y(b).
-144
Let w = -1 + 3. Let a(k) = -4*k**3 - 11471 + k - k**2 - 11471 + 3*k**3 + 4*k**2 + 22943. Give a(w).
7
Let n(x) = -14*x**2 - 141*x - 19. Let y be n(-10). Let g(d) = d**2 + 10*d + 8. Determine g(y).
-1
Let u(z) be the third derivative of z**7/840 + z**6/72 - z**5/60 + z**4/6 + 67*z**3/6 + z**2 + 10*z. Let y(f) be the first derivative of u(f). Calculate y(-4).
28
Let i be -4 + (384/42 - (-2)/(-14)). Suppose -w + 12 = 5*g - 7*g, -32 = 3*g - i*w. Let d(r) = r**3 + 2*r**2 - 6*r - 4. What is d(g)?
-12
Let n(c) = -2*c + 8. Let i be 7 - 18/24*16/3. Suppose 6*w = w + i*o + 31, -5*w + 2*o = -34. Give n(w).
-8
Suppose -4*u - 48 + 24 = -4*c, 3*u + 7 = 2*c. Let f(t) = -7*t + 35. Let k(g) = -20*g + 104. Let n(d) = 17*f(d) - 6*k(d). Determine n(c).
-18
Let y(q) = q**3 - 12*q**2 + 15*q - 36. Let f be y(11). Let d(j) = j**2 - 5*j - 28. Let m be d(f). Let g(b) = -b**3 - 3*b**2 + 7*b + 6. Determine g(m).
-6
Let f(a) be the third derivative of -a**4/12 - a**3/3 + 3*a**2. Let w = -346 - -340. Let o be 3*(-35)/10*(-4)/w. Calculate f(o).
12
Suppose -2*b + 3 + 1 = 0. Suppose m + b*d + 46 = 0, 5*m - 2*m = -2*d - 134. Let u be m/(-198) + 50/18 + 0. Let g(c) = 5*c + 2. Calculate g(u).
17
Let t(o) = 4*o**2 + 24*o - 26. Let y(j) = 3*j**2 + 15*j - 27. Let s(g) = -2*t(g) + 3*y(g). What is s(-5)?
11
Let d(l) = -9*l - 1347. Let z(y) = 3*y + 476. Let k(m) = -6*d(m) - 17*z(m). What is k(6)?
8
Suppose z - 7 = w, -2*z + 33 = w + 34. Let l(u) = -9*u**2 - 7*u. Let s(f) = -5*f**2 - 3*f. Let p(j) = -4*l(j) + 7*s(j). Give p(w).
-10
Let s(y) be the third derivative of 0 + 1/8*y**4 + 0*y**5 + 1/2*y**3 - 1/120*y**6 + 0*y - 118*y**2. Determine s(-2).
5
Let x(d) = -d**2 - 4*d. Let u(k) = 1. Let l(o) = -3*u(o) - x(o). Let v = -44 - -53. Suppose 5 = f + v. Calculate l(f).
-3
Let u = 10779 + -10770. Let v(m) = m**3 - 11*m**2 + 13*m - 22. Give v(u).
-67
Let v(z) = 554*z + 26. Let g(w) = -104*w - 5. Let d(x) = 11*g(x) + 2*v(x). Calculate d(-2).
69
Let r(f) = -f - 4. Let i be (2152/(-12))/(-2 - (-32)/12). Let c = -283 - i. Determine r(c).
10
Let r(b) = 3*b - 1. Let q = 52 + -27. Suppose -15 = -q*o + 30*o. Let n be ((-3)/(-2))/(o/4). What is r(n)?
-7
Suppose 36 = 25*x - 14. Let r(f) = x*f + 1 - 56*f**3 - f + 62*f**3. Give r(-1).
-6
Suppose 2 - 33 = -6*f - 1. Let n(x) = -x**3 + 4*x**2 - 7*x + 17. Give n(f).
-43
Let v(p) = 2*p - 3*p + 2*p - p**2. Let b be (-8)/28 - 1266/(-21). Let g be (-36)/(-19) + (b/(-95))/(-6). Give v(g).
-2
Let l(y) be the first derivative of -9*y**2/2 + 50*y + 2194. Determine l(7).
-13
Suppose -2*w = 4*s + 2, 20*w + 2*s = 16*w - 22. Let u(l) = -l**3 - 9*l**2 - 11*l + 22. Let y be u(w). Let p(v) = -15*v. Calculate p(y).
-15
Let r(x) = x**3 + 22*x + 105*x**2 + 6 + 1 - 261*x**2 + 146*x**2. Determine r(4).
-1
Let f(r) = -9*r**2 + 3*r - 5. Let m(k) = -k**2 - k + 1. Let u(a) = -f(a) - 4*m(a). Suppose 8*l + 3 = 3. Suppose -5*i = -6 - 4, l = 4*o + 2*i. Calculate u(o).
13
Let d(p) be the second derivative of 5*p**3/3 + 47*p**2/2 - 4791*p. Give d(-15).
-103
Let n(o) be the third derivative of -o**6/120 + 3*o**5/20 + 7*o**4/8 + 19*o**3/3 + 1841*o**2. What is n(11)?
27
Let x(r) = -4*r**3 - 4*r**2 + 